{"id":3010,"date":"2020-08-15T15:07:22","date_gmt":"2020-08-15T13:07:22","guid":{"rendered":"https:\/\/herdade-dos-lagos.de\/mel\/"},"modified":"2020-08-15T15:07:25","modified_gmt":"2020-08-15T13:07:25","slug":"mel","status":"publish","type":"page","link":"https:\/\/herdade-dos-lagos.de\/pt-pt\/mel\/","title":{"rendered":"Mel"},"content":{"rendered":"\n<p>Devido \u00e0 sementeira e floresta\u00e7\u00e3o com \u00e1rvores aut\u00f3ctones, est\u00e1 dispon\u00edvel uma vasta sele\u00e7\u00e3o de flores e p\u00f3len para as abelhas na Herdade dos Lagos.<br\/>As colmeias s\u00e3o parcialmente instaladas em locais fixos, em parte as abelhas s\u00e3o trazidas para o local onde as flores mais bonitas podem ser encontradas.<br\/>Como todos os nossos produtos, o mel \u00e9 certificado organicamente, uma vez que gerimos os 1000 hectares da \u00e1rea organicamente, \u00e9 quase imposs\u00edvel a entrada de poluentes dos campos vizinhos.<br\/>\u00c9 assim que o nosso mel arom\u00e1tico e n\u00e3o adulterado \u00e9 produzido.<\/p>\n\nngg_shortcode_0_placeholder\n","protected":false},"excerpt":{"rendered":"<p>Devido \u00e0 sementeira e floresta\u00e7\u00e3o com \u00e1rvores aut\u00f3ctones, est\u00e1 dispon\u00edvel uma vasta sele\u00e7\u00e3o de flores e p\u00f3len para as abelhas na Herdade dos Lagos.As colmeias s\u00e3o parcialmente instaladas em locais fixos, em parte as abelhas s\u00e3o trazidas para o local onde as flores mais bonitas podem ser encontradas.Como todos os nossos produtos, o mel \u00e9 [&hellip;]<\/p>\n","protected":false},"author":1,"featured_media":2590,"parent":0,"menu_order":0,"comment_status":"closed","ping_status":"closed","template":"","meta":{"ngg_post_thumbnail":0,"footnotes":""},"class_list":["post-3010","page","type-page","status-publish","has-post-thumbnail","hentry"],"jetpack_sharing_enabled":true,"_links":{"self":[{"href":"https:\/\/herdade-dos-lagos.de\/pt-pt\/wp-json\/wp\/v2\/pages\/3010","targetHints":{"allow":["GET"]}}],"collection":[{"href":"https:\/\/herdade-dos-lagos.de\/pt-pt\/wp-json\/wp\/v2\/pages"}],"about":[{"href":"https:\/\/herdade-dos-lagos.de\/pt-pt\/wp-json\/wp\/v2\/types\/page"}],"author":[{"embeddable":true,"href":"https:\/\/herdade-dos-lagos.de\/pt-pt\/wp-json\/wp\/v2\/users\/1"}],"replies":[{"embeddable":true,"href":"https:\/\/herdade-dos-lagos.de\/pt-pt\/wp-json\/wp\/v2\/comments?post=3010"}],"version-history":[{"count":3,"href":"https:\/\/herdade-dos-lagos.de\/pt-pt\/wp-json\/wp\/v2\/pages\/3010\/revisions"}],"predecessor-version":[{"id":3015,"href":"https:\/\/herdade-dos-lagos.de\/pt-pt\/wp-json\/wp\/v2\/pages\/3010\/revisions\/3015"}],"wp:featuredmedia":[{"embeddable":true,"href":"https:\/\/herdade-dos-lagos.de\/pt-pt\/wp-json\/wp\/v2\/media\/2590"}],"wp:attachment":[{"href":"https:\/\/herdade-dos-lagos.de\/pt-pt\/wp-json\/wp\/v2\/media?parent=3010"}],"curies":[{"name":"wp","href":"https:\/\/api.w.org\/{rel}","templated":true}]}}

<p>Devido à sementeira e florestação com árvores autóctones, está disponível uma vasta seleção de flores e pólen para as abelhas na Herdade dos Lagos.<br/>As colmeias são parcialmente instaladas em locais fixos, em parte as abelhas são trazidas para o local onde as flores mais bonitas podem ser encontradas.<br/>Como todos os nossos produtos, o mel é certificado organicamente, uma vez que gerimos os 1000 hectares da área organicamente, é quase impossível a entrada de poluentes dos campos vizinhos.<br/>É assim que o nosso mel aromático e não adulterado é produzido.</p>

ngg_shortcode_0_placeholder

<p>Devido à sementeira e florestação com árvores autóctones, está disponível uma vasta seleção de flores e pólen para as abelhas na Herdade dos Lagos.As colmeias são parcialmente instaladas em locais fixos, em parte as abelhas são trazidas para o local onde as flores mais bonitas podem ser encontradas.Como todos os nossos produtos, o mel é [&hellip;]</p>
