{"id":1766,"date":"2020-08-12T15:58:11","date_gmt":"2020-08-12T13:58:11","guid":{"rendered":"https:\/\/hdl-portugal.eu\/conservacao-da-natureza\/"},"modified":"2024-03-11T17:23:15","modified_gmt":"2024-03-11T16:23:15","slug":"conservacao-da-natureza","status":"publish","type":"page","link":"https:\/\/herdade-dos-lagos.de\/pt-pt\/conservacao-da-natureza\/","title":{"rendered":"Conserva\u00e7\u00e3o da natureza"},"content":{"rendered":"\n<p class=\"has-text-align-justify\">O cultivo de cereais durante os anos 1920-1970 causou uma grave eros\u00e3o e empobrecimento (quase esteriliza\u00e7\u00e3o) dos solos pobres de xisto e barro.<\/p>\n\n\n\n<p class=\"has-text-align-justify\">H\u00e1 40 anos que invertemos esta tend\u00eancia na Herdade dos Lagos (Vale de Camelos) atrav\u00e9s da constru\u00e7\u00e3o de reservat\u00f3rios e bacias de reten\u00e7\u00e3o de \u00e1gua. Estamos a seguir outros caminhos, n\u00e3o queimando matos e pastagens secas, mas cultivando de forma sustent\u00e1vel floresta e fruteiras, como azinheiras mediterr\u00e2nicas aut\u00f3ctones, alfarrobeiras, olival, Amendoal, Eucaliptos e Vinha.<\/p>\n\n\n\n<p class=\"has-text-align-justify\">As pastagens naturais,  s\u00e3o melhoradas por corre\u00e7\u00f5es calc\u00e1rias e sementeira direta de leguminosas e praticado um pastoreio mais hol\u00edstico para permitir uma regenera\u00e7\u00e3o natural.<br>Com esta diversidade de culturas e a presen\u00e7a associada de seres humanos e animais, o risco de inc\u00eandios peri\u00f3dicos florestais e matos pode ser reduzido e trazer vida e trabalho \u00e0 paisagem de outra forma deserta.<\/p>\n\n\n\n<p class=\"has-text-align-justify\">Para al\u00e9m de tudo isto, estamos inseridos numa das maiores zonas de prote\u00e7\u00e3o da Natureza da Uni\u00e3o Europeia, Rede Natura 2000, onde o seu objetivo \u00e9 a prote\u00e7\u00e3o transnacional da vida selvagem amea\u00e7ada e dos seus habitats naturais. O reservat\u00f3rio &#8220;Herdade dos Lagos&#8221; oferece todos os anos ref\u00fagios a in\u00fameras aves migrat\u00f3rias, como a visita de mais de 1500 Grous no trimestre de inverno todos os anos e as dezenas de cegonhas que aqui nidificam.<\/p>\n\n\n\nngg_shortcode_0_placeholder\n","protected":false},"excerpt":{"rendered":"<p>O cultivo de cereais durante os anos 1920-1970 causou uma grave eros\u00e3o e empobrecimento (quase esteriliza\u00e7\u00e3o) dos solos pobres de xisto e barro. H\u00e1 40 anos que invertemos esta tend\u00eancia na Herdade dos Lagos (Vale de Camelos) atrav\u00e9s da constru\u00e7\u00e3o de reservat\u00f3rios e bacias de reten\u00e7\u00e3o de \u00e1gua. Estamos a seguir outros caminhos, n\u00e3o queimando [&hellip;]<\/p>\n","protected":false},"author":1,"featured_media":732,"parent":0,"menu_order":0,"comment_status":"closed","ping_status":"closed","template":"","meta":{"ngg_post_thumbnail":0,"footnotes":""},"class_list":["post-1766","page","type-page","status-publish","has-post-thumbnail","hentry"],"jetpack_sharing_enabled":true,"_links":{"self":[{"href":"https:\/\/herdade-dos-lagos.de\/pt-pt\/wp-json\/wp\/v2\/pages\/1766","targetHints":{"allow":["GET"]}}],"collection":[{"href":"https:\/\/herdade-dos-lagos.de\/pt-pt\/wp-json\/wp\/v2\/pages"}],"about":[{"href":"https:\/\/herdade-dos-lagos.de\/pt-pt\/wp-json\/wp\/v2\/types\/page"}],"author":[{"embeddable":true,"href":"https:\/\/herdade-dos-lagos.de\/pt-pt\/wp-json\/wp\/v2\/users\/1"}],"replies":[{"embeddable":true,"href":"https:\/\/herdade-dos-lagos.de\/pt-pt\/wp-json\/wp\/v2\/comments?post=1766"}],"version-history":[{"count":8,"href":"https:\/\/herdade-dos-lagos.de\/pt-pt\/wp-json\/wp\/v2\/pages\/1766\/revisions"}],"predecessor-version":[{"id":3651,"href":"https:\/\/herdade-dos-lagos.de\/pt-pt\/wp-json\/wp\/v2\/pages\/1766\/revisions\/3651"}],"wp:featuredmedia":[{"embeddable":true,"href":"https:\/\/herdade-dos-lagos.de\/pt-pt\/wp-json\/wp\/v2\/media\/732"}],"wp:attachment":[{"href":"https:\/\/herdade-dos-lagos.de\/pt-pt\/wp-json\/wp\/v2\/media?parent=1766"}],"curies":[{"name":"wp","href":"https:\/\/api.w.org\/{rel}","templated":true}]}}

Conservação da natureza

<p class="has-text-align-justify">O cultivo de cereais durante os anos 1920-1970 causou uma grave erosão e empobrecimento (quase esterilização) dos solos pobres de xisto e barro.</p>



<p class="has-text-align-justify">Há 40 anos que invertemos esta tendência na Herdade dos Lagos (Vale de Camelos) através da construção de reservatórios e bacias de retenção de água. Estamos a seguir outros caminhos, não queimando matos e pastagens secas, mas cultivando de forma sustentável floresta e fruteiras, como azinheiras mediterrânicas autóctones, alfarrobeiras, olival, Amendoal, Eucaliptos e Vinha.</p>



<p class="has-text-align-justify">As pastagens naturais,  são melhoradas por correções calcárias e sementeira direta de leguminosas e praticado um pastoreio mais holístico para permitir uma regeneração natural.<br>Com esta diversidade de culturas e a presença associada de seres humanos e animais, o risco de incêndios periódicos florestais e matos pode ser reduzido e trazer vida e trabalho à paisagem de outra forma deserta.</p>



<p class="has-text-align-justify">Para além de tudo isto, estamos inseridos numa das maiores zonas de proteção da Natureza da União Europeia, Rede Natura 2000, onde o seu objetivo é a proteção transnacional da vida selvagem ameaçada e dos seus habitats naturais. O reservatório &#8220;Herdade dos Lagos&#8221; oferece todos os anos refúgios a inúmeras aves migratórias, como a visita de mais de 1500 Grous no trimestre de inverno todos os anos e as dezenas de cegonhas que aqui nidificam.</p>



ngg_shortcode_0_placeholder

<p>O cultivo de cereais durante os anos 1920-1970 causou uma grave erosão e empobrecimento (quase esterilização) dos solos pobres de xisto e barro. Há 40 anos que invertemos esta tendência na Herdade dos Lagos (Vale de Camelos) através da construção de reservatórios e bacias de retenção de água. Estamos a seguir outros caminhos, não queimando [&hellip;]</p>
