{"id":1697,"date":"2020-08-12T15:52:26","date_gmt":"2020-08-12T13:52:26","guid":{"rendered":"https:\/\/hdl-portugal.eu\/energia-solar\/"},"modified":"2024-03-11T17:19:56","modified_gmt":"2024-03-11T16:19:56","slug":"energia-solar","status":"publish","type":"page","link":"https:\/\/herdade-dos-lagos.de\/pt-pt\/energia-solar\/","title":{"rendered":"Energia solar"},"content":{"rendered":"\n<p class=\"has-text-align-justify\">O Alentejo \u00e9 uma das regi\u00f5es da Europa com mais horas de sol por ano. \u00c9 aqui que a utiliza\u00e7\u00e3o de sistemas solares \u00e9 \u00f3bvia, porque a energia solar pode ser usada de forma muito eficiente. Quatro centrais fotovoltaicas com um total de 53 KW est\u00e3o ligadas \u00e0 Herdade.<\/p>\n\n\n\n<p class=\"has-text-align-justify\">Em regra, geramos mais energia do que necessitamos para irriga\u00e7\u00e3o e arrefecimento, e podemos alimentar a rede el\u00e9trica p\u00fablica.<\/p>\n\n\n\nngg_shortcode_0_placeholder\n","protected":false},"excerpt":{"rendered":"<p>O Alentejo \u00e9 uma das regi\u00f5es da Europa com mais horas de sol por ano. \u00c9 aqui que a utiliza\u00e7\u00e3o de sistemas solares \u00e9 \u00f3bvia, porque a energia solar pode ser usada de forma muito eficiente. Quatro centrais fotovoltaicas com um total de 53 KW est\u00e3o ligadas \u00e0 Herdade. Em regra, geramos mais energia do [&hellip;]<\/p>\n","protected":false},"author":1,"featured_media":666,"parent":0,"menu_order":0,"comment_status":"closed","ping_status":"closed","template":"","meta":{"ngg_post_thumbnail":0,"footnotes":""},"class_list":["post-1697","page","type-page","status-publish","has-post-thumbnail","hentry"],"jetpack_sharing_enabled":true,"_links":{"self":[{"href":"https:\/\/herdade-dos-lagos.de\/pt-pt\/wp-json\/wp\/v2\/pages\/1697","targetHints":{"allow":["GET"]}}],"collection":[{"href":"https:\/\/herdade-dos-lagos.de\/pt-pt\/wp-json\/wp\/v2\/pages"}],"about":[{"href":"https:\/\/herdade-dos-lagos.de\/pt-pt\/wp-json\/wp\/v2\/types\/page"}],"author":[{"embeddable":true,"href":"https:\/\/herdade-dos-lagos.de\/pt-pt\/wp-json\/wp\/v2\/users\/1"}],"replies":[{"embeddable":true,"href":"https:\/\/herdade-dos-lagos.de\/pt-pt\/wp-json\/wp\/v2\/comments?post=1697"}],"version-history":[{"count":4,"href":"https:\/\/herdade-dos-lagos.de\/pt-pt\/wp-json\/wp\/v2\/pages\/1697\/revisions"}],"predecessor-version":[{"id":3649,"href":"https:\/\/herdade-dos-lagos.de\/pt-pt\/wp-json\/wp\/v2\/pages\/1697\/revisions\/3649"}],"wp:featuredmedia":[{"embeddable":true,"href":"https:\/\/herdade-dos-lagos.de\/pt-pt\/wp-json\/wp\/v2\/media\/666"}],"wp:attachment":[{"href":"https:\/\/herdade-dos-lagos.de\/pt-pt\/wp-json\/wp\/v2\/media?parent=1697"}],"curies":[{"name":"wp","href":"https:\/\/api.w.org\/{rel}","templated":true}]}}

<p class="has-text-align-justify">O Alentejo é uma das regiões da Europa com mais horas de sol por ano. É aqui que a utilização de sistemas solares é óbvia, porque a energia solar pode ser usada de forma muito eficiente. Quatro centrais fotovoltaicas com um total de 53 KW estão ligadas à Herdade.</p>



<p class="has-text-align-justify">Em regra, geramos mais energia do que necessitamos para irrigação e arrefecimento, e podemos alimentar a rede elétrica pública.</p>



ngg_shortcode_0_placeholder

<p>O Alentejo é uma das regiões da Europa com mais horas de sol por ano. É aqui que a utilização de sistemas solares é óbvia, porque a energia solar pode ser usada de forma muito eficiente. Quatro centrais fotovoltaicas com um total de 53 KW estão ligadas à Herdade. Em regra, geramos mais energia do [&hellip;]</p>
